{"id":591,"date":"2023-09-09T16:54:55","date_gmt":"2023-09-09T21:54:55","guid":{"rendered":"https:\/\/internationalbusinesssolution.com\/?post_type=product&#038;p=591"},"modified":"2023-09-09T16:58:54","modified_gmt":"2023-09-09T21:58:54","slug":"short-levanta-cola-y-brasier-post-quirurgico","status":"publish","type":"product","link":"https:\/\/internationalbusinesssolution.com\/index.php\/producto\/short-levanta-cola-y-brasier-post-quirurgico\/","title":{"rendered":"Short Levanta Cola y Brasier Post quir\u00fargico"},"content":{"rendered":"\n<p>El short levanta y moldea los gl\u00fateos, mientras que el brasier post quir\u00fargico brinda soporte y compresi\u00f3n en el \u00e1rea del busto, ideal para usar despu\u00e9s de un a cirug\u00eda. Con esta prenda podr\u00e1s lucir una figura estilizada y sentirte c\u00f3moda y segura en tu proceso de recuperaci\u00f3n.<\/p>\n","protected":false},"excerpt":{"rendered":"<p>El short levanta y moldea los gl\u00fateos, mientras que el brasier post quir\u00fargico brinda soporte y compresi\u00f3n en el \u00e1rea del busto, ideal para usar despu\u00e9s de un a cirug\u00eda. Con esta prenda podr\u00e1s lucir una figura estilizada y sentirte c\u00f3moda y segura en tu proceso de recuperaci\u00f3n.<\/p>\n","protected":false},"featured_media":592,"comment_status":"open","ping_status":"closed","template":"","meta":{"om_disable_all_campaigns":false,"_monsterinsights_skip_tracking":false,"_monsterinsights_sitenote_active":false,"_monsterinsights_sitenote_note":"","_monsterinsights_sitenote_category":0,"site-sidebar-layout":"default","site-content-layout":"","ast-site-content-layout":"","site-content-style":"default","site-sidebar-style":"default","ast-global-header-display":"","ast-banner-title-visibility":"","ast-main-header-display":"","ast-hfb-above-header-display":"","ast-hfb-below-header-display":"","ast-hfb-mobile-header-display":"","site-post-title":"","ast-breadcrumbs-content":"","ast-featured-img":"","footer-sml-layout":"","theme-transparent-header-meta":"","adv-header-id-meta":"","stick-header-meta":"","header-above-stick-meta":"","header-main-stick-meta":"","header-below-stick-meta":"","astra-migrate-meta-layouts":"","_joinchat":[]},"product_cat":[29],"product_tag":[],"class_list":["post-591","product","type-product","status-publish","has-post-thumbnail","hentry","product_cat-jeans","pa_color-beige","pa_color-cocoa","pa_color-negra","pa_talla-3xs","pa_talla-2xs","pa_talla-xs","pa_talla-s","pa_talla-m","pa_talla-l","pa_talla-xl","pa_talla-2xl","desktop-align-left","tablet-align-left","mobile-align-left"],"aioseo_notices":[],"_links":{"self":[{"href":"https:\/\/internationalbusinesssolution.com\/index.php\/wp-json\/wp\/v2\/product\/591","targetHints":{"allow":["GET"]}}],"collection":[{"href":"https:\/\/internationalbusinesssolution.com\/index.php\/wp-json\/wp\/v2\/product"}],"about":[{"href":"https:\/\/internationalbusinesssolution.com\/index.php\/wp-json\/wp\/v2\/types\/product"}],"replies":[{"embeddable":true,"href":"https:\/\/internationalbusinesssolution.com\/index.php\/wp-json\/wp\/v2\/comments?post=591"}],"wp:featuredmedia":[{"embeddable":true,"href":"https:\/\/internationalbusinesssolution.com\/index.php\/wp-json\/wp\/v2\/media\/592"}],"wp:attachment":[{"href":"https:\/\/internationalbusinesssolution.com\/index.php\/wp-json\/wp\/v2\/media?parent=591"}],"wp:term":[{"taxonomy":"product_cat","embeddable":true,"href":"https:\/\/internationalbusinesssolution.com\/index.php\/wp-json\/wp\/v2\/product_cat?post=591"},{"taxonomy":"product_tag","embeddable":true,"href":"https:\/\/internationalbusinesssolution.com\/index.php\/wp-json\/wp\/v2\/product_tag?post=591"}],"curies":[{"name":"wp","href":"https:\/\/api.w.org\/{rel}","templated":true}]}}