{"id":587,"date":"2023-09-09T16:44:43","date_gmt":"2023-09-09T21:44:43","guid":{"rendered":"https:\/\/internationalbusinesssolution.com\/?post_type=product&#038;p=587"},"modified":"2023-09-09T16:48:19","modified_gmt":"2023-09-09T21:48:19","slug":"faja-short-con-top","status":"publish","type":"product","link":"https:\/\/internationalbusinesssolution.com\/index.php\/producto\/faja-short-con-top\/","title":{"rendered":"Faja Short Con Top"},"content":{"rendered":"\n<p>La faja short con top moldea tu figura y reduce medidas en abdomen, cintura y muslos, mientras brinda soporte y compresi\u00f3n en la zona del busto. SU dise\u00f1o elegante te permite usarlo con tus oufits favoritos y lucir uma fogura m\u00e1s estilizada. Con esta prenda podr\u00e1s sentirte c\u00f3moda y segura en todo momento. <\/p>\n","protected":false},"excerpt":{"rendered":"<p>La faja short con top moldea tu figura y reduce medidas en abdomen, cintura y muslos, mientras brinda soporte y compresi\u00f3n en la zona del busto. SU dise\u00f1o elegante te permite usarlo con tus oufits favoritos y lucir uma fogura m\u00e1s estilizada. Con esta prenda podr\u00e1s sentirte c\u00f3moda y segura en todo momento.<\/p>\n","protected":false},"featured_media":588,"comment_status":"open","ping_status":"closed","template":"","meta":{"om_disable_all_campaigns":false,"_monsterinsights_skip_tracking":false,"_monsterinsights_sitenote_active":false,"_monsterinsights_sitenote_note":"","_monsterinsights_sitenote_category":0,"site-sidebar-layout":"default","site-content-layout":"","ast-site-content-layout":"","site-content-style":"default","site-sidebar-style":"default","ast-global-header-display":"","ast-banner-title-visibility":"","ast-main-header-display":"","ast-hfb-above-header-display":"","ast-hfb-below-header-display":"","ast-hfb-mobile-header-display":"","site-post-title":"","ast-breadcrumbs-content":"","ast-featured-img":"","footer-sml-layout":"","theme-transparent-header-meta":"","adv-header-id-meta":"","stick-header-meta":"","header-above-stick-meta":"","header-main-stick-meta":"","header-below-stick-meta":"","astra-migrate-meta-layouts":"","_joinchat":[]},"product_cat":[41],"product_tag":[],"class_list":["post-587","product","type-product","status-publish","has-post-thumbnail","hentry","product_cat-fajas","pa_color-beige","pa_color-cocoa","pa_color-negra","pa_talla-3xs","pa_talla-2xs","pa_talla-xs","pa_talla-s","pa_talla-m","pa_talla-l","pa_talla-xl","pa_talla-2xl","desktop-align-left","tablet-align-left","mobile-align-left"],"aioseo_notices":[],"_links":{"self":[{"href":"https:\/\/internationalbusinesssolution.com\/index.php\/wp-json\/wp\/v2\/product\/587","targetHints":{"allow":["GET"]}}],"collection":[{"href":"https:\/\/internationalbusinesssolution.com\/index.php\/wp-json\/wp\/v2\/product"}],"about":[{"href":"https:\/\/internationalbusinesssolution.com\/index.php\/wp-json\/wp\/v2\/types\/product"}],"replies":[{"embeddable":true,"href":"https:\/\/internationalbusinesssolution.com\/index.php\/wp-json\/wp\/v2\/comments?post=587"}],"wp:featuredmedia":[{"embeddable":true,"href":"https:\/\/internationalbusinesssolution.com\/index.php\/wp-json\/wp\/v2\/media\/588"}],"wp:attachment":[{"href":"https:\/\/internationalbusinesssolution.com\/index.php\/wp-json\/wp\/v2\/media?parent=587"}],"wp:term":[{"taxonomy":"product_cat","embeddable":true,"href":"https:\/\/internationalbusinesssolution.com\/index.php\/wp-json\/wp\/v2\/product_cat?post=587"},{"taxonomy":"product_tag","embeddable":true,"href":"https:\/\/internationalbusinesssolution.com\/index.php\/wp-json\/wp\/v2\/product_tag?post=587"}],"curies":[{"name":"wp","href":"https:\/\/api.w.org\/{rel}","templated":true}]}}